5a068
11000000001100 (base 2) to base 13
57a2
Convert -986a07 (base 12) to base 8.
-11161047
Convert -2112112220122 (base 3) to base 16.
-1496c3
What is 48444c (base 14) in base 11?
14380a6
Convert 1011100101010001001 (base 2) to base 4.
1130222021
Convert 2467535 (base 8) to base 13.
1ac374
What is 220010011220020 (base 3) in base 11?
7264833
Convert 3504010 (base 6) to base 9.
303466
35a34 (base 13) to base 7
556612
Convert 200032312 (base 5) to base 6.
24443041
Convert -32a7a2 (base 16) to base 6.
-155053014
Convert 111304 (base 7) to base 3.
1000000201
Convert -10db4b0 (base 15) to base 3.
-211202002011110
What is 23310201300 (base 4) in base 3?
12211102200000
Convert 221016 (base 14) to base 3.
2011200200211
Convert 6445335 (base 8) to base 2.
110100100101011011101
-4ddc5 (base 15) to base 13
-89732
What is 16259477 (base 10) in base 5?
13130300402
Convert 3230200233 (base 4) to base 10.
968751
2043423 (base 5) to base 6
422302
What is -b2bc5 (base 14) in base 13?
-120b92
Convert -51b57 (base 12) to base 8.
-321063
372160 (base 8) to base 13
4640a
Convert -453846 (base 12) to base 14.
-20abb0
-4090032 (base 12) to base 6
-1112000102
Convert -42731 (base 13) to base 15.
-257ab
6024555 (base 8) to base 5
401132334
What is 10010201212 (base 3) in base 12?
2b8b8
1001111111011000 (base 2) to base 16
9fd8
Convert -1110011110101010001011 (base 2) to base 9.
-7124517
What is 10341004320 (base 5) in base 7?
164522044
What is 184552 (base 9) in base 2?
11100000011011001
What is -322333211 (base 4) in base 11?
-155600
-1021030001 (base 4) to base 2
-1001001001100000001
What is 130001032 (base 4) in base 8?
340116
-15668628 (base 9) to base 15
-a4d038
1130102104 (base 5) to base 8
11662031
Convert 223330002 (base 4) to base 10.
179970
What is 50888 (base 11) in base 12?
36b91
Convert -205048 (base 15) to base 6.
-52525405
Convert -1003353 (base 8) to base 12.
-10888b
-233261 (base 7) to base 15
-c692
Convert 263616 (base 7) to base 8.
140314
What is -99b173 (base 13) in base 10?
-3623116
Convert 1102220102101 (base 3) to base 12.
30b191
Convert -12401334 (base 5) to base 16.
-1dcee
What is -333266 (base 8) in base 14?
-2cd02
Convert -278617 (base 9) to base 16.
-29977
What is 1198992 (base 13) in base 11?
30a9a78
11112120002201 (base 3) to base 10
2412334
What is 56503e (base 16) in base 9?
11571403
10001000011101010100 (base 2) to base 15
b0922
-5502566 (base 7) to base 9
-1235475
-10001010110000010111 (base 2) to base 14
-10b19d
Convert 235233 (base 9) to base 6.
3011350
What is 1402203221 (base 5) in base 6?
204055401
What is 2244530 (base 6) in base 7?
656412
What is 2dc46 (base 14) in base 4?
130003212
Convert -6037461 (base 8) to base 13.
-43837c
Convert -56382 (base 13) to base 2.
-100110001110111000
298cb (base 15) to base 4
200213300
What is 100313331 (base 4) in base 15?
1572c
Convert 4103332 (base 6) to base 7.
1442012
What is 4515453 (base 7) in base 9?
1041700
What is 544330 (base 7) in base 9?
154504
What is -ab71b (base 16) in base 14?
-143cb9
Convert -11105015 (base 7) to base 9.
-1722442
What is c66d3 (base 16) in base 11?
5056a9
What is -665c4 (base 16) in base 2?
-1100110010111000100
1041c7 (base 14) to base 5
120033141
340514 (base 8) to base 15
24130
Convert 2221211 (base 5) to base 9.
58356
Convert 34522503 (base 6) to base 13.
2b547a
What is 4411212 (base 7) in base 3?
1000110200000
-5036723 (base 8) to base 5
-314422142
What is 994b81 (base 12) in base 7?
26460160
Convert -15321114 (base 7) to base 11.
-912543
What is -220761 (base 10) in base 3?
-102012211100
Convert 433203 (base 6) to base 15.
a8b0
What is 6310664 (base 9) in base 11?
19a4121
Convert -192154 (base 10) to base 14.
-50054
-cc27b (base 16) to base 5
-203224334
-10023130000 (base 4) to base 16
-10b700
Convert -354560 (base 7) to base 2.
-1111101001010101
-12020012102 (base 3) to base 13
-37b11
What is 22200012022 (base 3) in base 7?
1310516
What is -310343224 (base 5) in base 12?
-50a60a
What is 132475 (base 10) in base 6?
2501151
What is -361037 (base 9) in base 15?
-445a1
What is -1183406 (base 9) in base 7?
-5325624
What is 376072 (base 14) in base 4?
13033213010
What is 102221 (base 5) in base 12?
1ba4
50457 (base 8) to base 12
1003b
-25202532 (base 8) to base 15
-750e20
What is -12352513 (base 8) in base 6?
-134432255
What is -12057c (base 14) in base 15?
-c269b
-346776 (base 8) to base 15
-2509a
Convert -563cc (base 14) to base 8.
-630640
53455612 (base 8) to base 11
64a5058
What is 223225264 (base 7) in base 5?
11433214120
19308 (base 15) to base 9
134038
What is -24511150 (base 6) in base 5?
-200140304
Convert -43740 (base 13) to base 5.
-12401240
4399411 (base 10) to base 8
20620463
Convert -20000100010011 (base 3) to base 10.
-3195292
Convert 16e75 (base 15) to base 7.
426065
Convert 11000120002222 (base 3) to base 16.
209acb
76556 (base 14) to base 16
45ee0
What is -301039 (base 10) in base 8?
-1113757
What is -11131123021 (base 4) in base 15?
-1d4111
Convert -381a28 (base 11) to base 4.
-2103023210
30a151 (base 11) to base 10
496640
Convert -10010001111011001101011 (base 2) to base 6.
-250253215
-11482 (base 13) to base 12
-16304
What is -61d5bc (base 15) in base 7?
-54353556
What is -121201323032 (base 4) in base 15?
-8c2ea8
5efb (base 16) to base 4
11323323
3226660 (base 10) to base 16
313c24
What is -1242422424 (base 5) in base 9?
-5732671
7a219 (base 14) to base 16
4873f
14807 (base 14) to base 2
1100011100010111
-33022131 (base 4) to base 3
-10011012100
Convert 111510042 (base 6) to base 5.
1010441120
53c61 (base 15) to base 11
171976
-103692 (base 11) to base 2
-101000011111101111
What is 674681 (base 11) in base 7?
12064625
Convert 10120102001210 (base 3) to base 10.
1897635
What is 125273 (base 10) in base 9?
210752
-201401 (base 12) to base 6
-14414401
Convert -309901 (base 14) to base 5.
-404434213
What is 110122021220 (base 3) in base 16?
3cbe2
Convert -111111001101000000110 (base 2) to base 15.
-2ad99b
Convert -10001110100101011111011 (base 2) to base 13.
-c7785c
4444330 (base 6) to base 14
5b850
What is -9b0cb (base 15) in base 5?
-111233231
Convert 2a8a597 (base 13) to base 7.
223515360
Convert -25545412 (base 8) to base 3.
-101200222120102
Convert 2466565 (base 7) to base 3.
121012222021
Convert -10c072 (base 16) to base 5.
-240112332
What is -2111222011000 (base 3) in base 16?
-1469df
Convert -23878214 (base 9) to base 16.
-b24aeb
What is -16005332 (base 7) in base 9?
-2783518
2934947 (base 12) to base 5
4110010202
Convert -101011111000101101011 (base 2) to base 7.
-15136410
-25330451 (base 6) to base 14
-175063
What is 26701 (base 14) in base 7?
543001
What is -33754c (base 14) in base 12?
-704180
-8654213 (base 9) to base 5
-2142013332
What is -4c4b2 (base 14) in base 10?
-187532
10010001000100000101 (base 2) to base 16
91105
What is 3c7b2a (base 13) in base 8?
5476535
What is 1378171 (base 9) in base 2?
10111001101010101100
Convert -19475a5 (base 11) to base 7.
-36650506
What is -16554063 (base 7) in base 10?
-1626894
What is 22333100 (base 4) in base 13?
17642
1101101202220 (base 3) to base 11
463075
231670 (base 11) to base 12
15907b
Convert 844d95 (base 16) to base 9.
17274754
44537a (base 12) to base 8
4113716
Convert -853bb0 (base 14) to base 10.
-4505214
What is 504764 (base 8) in base 9?
273215
What is 11102120101 (base 3) in base 4?
111101332
What is -235077 (base 9) in base 3?
-21012002121
Convert 31352520 (base 7) to base 8.
12073001
-1f99e (base 16) to base 9
-216500
What is -35349 (base 10) in base 11?
-24616
-17185 (base 16) to base 3
-11210202121
Convert -124252104 (base 6) to base 4.
-21111303220
Convert bb071 (base 12) to base 7.
2046445
Convert -5f670 (base 16) to base 11.
-247654
Convert 38068 (base 10) to base 15.
b42d
Convert 11021514 (base 9) to base 13.
1147585
-2030543 (base 6) to base 5
-11104112
Convert -65086 (base 12) to base 10.
-133158
-e3714 (base 16) to base 8
-3433424
What is -1218113 (base 9) in base 2?
-10100001101000001001
Convert -1095bba (base 13) to base 15.
-6aa2a5
Convert -10000101010000110010000 (base 2) to base 4.
-100222012100
Convert 423102 (base 10) to base 9.
714343
What is 30121244 (base 5) in base 15?
4abee
Convert 434202033 (base 5) to base 8.
7074245
-10011110010101001010 (base